inder when c is divided by 22.
19
Suppose -13 = 3*a - 5*h, 3*h = 3*a - h + 14. Let q be 3 + 1 - a/2. Suppose 0 = -2*g - q + 19. Calculate the remainder when 17 is divided by g.
5
What is the remainder when (-30)/(-24) + 79/4 is divided by 11?
10
Let k(y) = 2*y**2 - 40*y + 43. Calculate the remainder when 205 is divided by k(20).
33
Let a = 177 + -18. Calculate the remainder when a is divided by 32.
31
Suppose -2*d = -6, -48 = -4*k - 4*d - 12. Let o(p) = -17*p + 101. Calculate the remainder when o(4) is divided by k.
3
Let x = 59 + 10. Calculate the remainder when x is divided by 27.
15
Suppose 2*a = -b + 9, -4*a + 38 = -b - b. Suppose -48 = -4*f + 2*f. Calculate the remainder when f is divided by a.
3
Let v be (-1)/((-7)/6470) + (-12)/42. Suppose 7*r - v = -0*r. What is the remainder when r is divided by 34?
30
Suppose 0 = 3*d - 4*s - 118, s = 4*d - 159 + 19. Let r = -16 + 23. What is the remainder when d is divided by r?
6
Let c = 285 + -199. Calculate the remainder when c is divided by 23.
17
Suppose -16*s + 2*z = -20*s + 142, -5*s - 4*z = -170. What is the remainder when 179 is divided by s?
27
Let d(v) = v**2 - 10*v + 40. Suppose -34 = -4*z - 5*c, 4*z - c - 19 = 3. Calculate the remainder when 78 is divided by d(z).
14
Let w = -4 + 6. Suppose 3*f - 374 = -4*l, -w*l = 4*f - l - 490. Let d = f - 66. Calculate the remainder when d is divided by 15.
11
Let j(q) = -4*q - 2. Calculate the remainder when (63 - 13) + 3/(9/6) is divided by j(-4).
10
Calculate the remainder when ((-73)/(-2))/((-8)/(-48)) is divided by 20.
19
Let x = 838 - 475. What is the remainder when x is divided by 52?
51
What is the remainder when ((-66)/(-6))/(3/24) is divided by 1448/32 - 2/8?
43
Suppose -4*a = -0*a - 884. Suppose 4*m - 287 = a. What is the remainder when m is divided by 13?
10
Suppose -5*p + 180 = 5*q, 2*p - 52 = 2*q - 0*q. Let a = -64 + 71. What is the remainder when p is divided by a?
3
Let c(u) = -2*u - 6. Let k(j) = -j - 24. Let d be k(-10). Let t = 20 + d. Calculate the remainder when t is divided by c(-5).
2
Let n(l) = -l**2 + 20*l - 70. What is the remainder when 57 is divided by n(9)?
28
Let w(d) = d**3 + 9*d**2 - 11*d - 13. Let x be w(-10). What is the remainder when 29 is divided by 3 + 1 - 4*x?
13
Let a = 238 - 116. Let d = -1 - -4. Calculate the remainder when a is divided by (4/(-12))/(d/(-225)).
22
Suppose 2*u = -4 + 12. Let g(v) = -111 - 6*v + 52 - v**2 + 58. Calculate the remainder when g(-4) is divided by u.
3
Let t = 4 - -2. Let m = t - 3. Suppose 0 = 11*y + 77 - 121. What is the remainder when y is divided by m?
1
Suppose 0 = -11*g - 51 + 238. Let w = -10 + 13. Suppose -4*z + w*z = -48. What is the remainder when z is divided by g?
14
Let h(n) = n**2 + 8*n - 5. Let f be h(-9). Let i be -71 - (-2 + f) - 4. Let x = -53 - i. Calculate the remainder when 68 is divided by x.
20
Let j be (0 + -2)/2 - -34. Let p = 187 - 202. Let f = j + p. What is the remainder when 52 is divided by f?
16
Let w = -1608 + 1712. Calculate the remainder when 1660 is divided by w.
100
Let r(l) = -l**3 - 3*l**2 - l + 19. Calculate the remainder when r(-7) is divided by 28.
26
Suppose 6 = y + y. Suppose k + 3*o + 126 = y*k, -3*k + o + 182 = 0. Suppose 4*p + p = k. What is the remainder when 32 is divided by p?
8
Suppose 5*w - 62 = 3*z, -w + 5*z + 4 = -4. What is the remainder when 57 + (0 + 2)*(-15)/(-10) is divided by w?
8
Let f = 900 - 567. What is the remainder when f is divided by 48?
45
Suppose -3*o + 11*o - 40 = 0. Suppose -d - 3*d = o*j - 81, 2*d = j - 5. What is the remainder when 49 is divided by j?
10
Suppose 3*z - 3*g = 1013 - 74, 0 = 2*z + 5*g - 591. Suppose 12*x - 16*x = -z. Calculate the remainder when x is divided by 16.
13
Suppose -5*j - 2*l = -227, 4*j - 74 = 2*j - 5*l. Let q = -29 + j. Let c(v) = -2*v - 3. What is the remainder when q is divided by c(-5)?
4
Suppose 0 = -85*o + 1344 + 1546. Let d = 7 - -11. Calculate the remainder when o is divided by d.
16
Let y(d) = 4*d**2 - 6*d + 15. What is the remainder when y(7) is divided by 46?
31
Let m = -57 - -68. Suppose 5*i - 80 = 3*l, 107 = 4*i + 4*l + m. What is the remainder when 55 is divided by i?
17
Suppose 11 = 3*x + 5. Suppose l + 4*g = -3*l + 56, -x*l + 13 = -3*g. Let d = 18 - -14. What is the remainder when d is divided by l?
10
Suppose -4*n + 31*n - 540 = 0. What is the remainder when 199 is divided by n?
19
Suppose -4*i - 960 = -h - 2*h, 5*h + 20 = 0. Let k = i - -111. Calculate the remainder when k/(-14) - (-72)/126 is divided by 6.
4
Let a = 16 - 8. Suppose 10*s - 322 = 3*s. Let u = -23 + s. Calculate the remainder when u is divided by a.
7
Let y(q) = 82*q**2 - q. Let t(h) = -5*h**2 + 25*h - 9. Let f be t(6). Let o = 60 + f. Calculate the remainder when y(-1) is divided by o.
20
Let f(x) = 6 + 5*x + 1 + 2. Suppose -4*p + 65 = p. Calculate the remainder when f(8) is divided by p.
10
Let v = -151 - -168. Calculate the remainder when 132 is divided by v.
13
Suppose 0 = 5*m - 11*m + 36. Let r = 1 + 2. Calculate the remainder when m is divided by r.
0
Let j(k) = k**3 + 9*k**2 - 11*k + 2. Let c(r) = -9*r**2 + r - 2. Let p be c(1). What is the remainder when 35 is divided by j(p)?
11
Suppose 0 = -3*u - 7*z + 3*z + 15, -9 = 3*z. What is the remainder when 1455/21 - 8/28 is divided by u?
6
Suppose 6*l = 2*l + 264. Suppose -57 + 313 = 4*k. What is the remainder when k is divided by 3/((-10)/(-15) - 35/l)?
20
Let l(m) be the first derivative of m - 5 + 3/2*m**2 - 5/3*m**3 + 1/4*m**4. What is the remainder when 45 is divided by l(5)?
13
Let c = 24 + -36. Let x be (4/c)/((-1)/6). Suppose 3*a - z - 4*z = 200, -x*z + 160 = 2*a. Calculate the remainder when a is divided by 13.
10
Suppose 9 + 6 = 3*j, 4*j - 36 = -4*m. Let v = -32 + 51. Calculate the remainder when v is divided by m.
3
Let h be (-1431)/(-6) - 2 - (-11)/22. Suppose 0 = 2*l - 3*n - h, -5*l + 5*n + 874 = 274. Calculate the remainder when l is divided by 14.
11
Suppose 2*l - 3*l = -5. Suppose 0 = -l*x + 62 + 78. Calculate the remainder when 83 is divided by x.
27
Let s = -109 + -15. Let t = s + 179. What is the remainder when t is divided by 8?
7
Suppose 0 = -4*j - h + 143, 0 = 3*j - j - 4*h - 94. What is the remainder when 47 is divided by j?
10
Let p = -854 - -1168. Calculate the remainder when p is divided by 15.
14
Let n = 100 - 77. Let v = 8 + n. Calculate the remainder when 185 is divided by v.
30
Let m(g) = g**2. Calculate the remainder when 18 is divided by m(2).
2
Suppose -2*i + 4*r = -508, -5*i + r - 6*r + 1315 = 0. Calculate the remainder when i is divided by 33.
29
What is the remainder when -1 - (-150 + 12 + -5) is divided by 36?
34
What is the remainder when 74 is divided by (21/(-14) + 1)/((-2)/172)?
31
Let b = 74 + -68. Suppose -4*m - b*m + 260 = 0. Calculate the remainder when 153 is divided by m.
23
Let d = 14 - -6. Let f = 18 + d. Calculate the remainder when 75 is divided by f.
37
Let h = 100 + -65. Let y = 42 - h. What is the remainder when 32 is divided by y?
4
Suppose -83*p + 85*p = 1674. What is the remainder when p is divided by 40?
37
Suppose 4*m - f = 3*f + 20, -7 = m - 4*f. Suppose -63 - m = -6*d. Calculate the remainder when 35 is divided by d.
11
Let w = 1001 - 956. Calculate the remainder when 81 is divided by w.
36
Let v(o) = 17*o + 3. Let n be v(-3). Let h = n - -55. What is the remainder when h is divided by 4?
3
Suppose -11 - 16 = 3*m. What is the remainder when 42 is divided by (5/(-3))/(m/81)?
12
Let z(h) = 20*h**3 - h**2. Let g be (6/(-3) + 3)*1. Let v be z(g). Suppose -j + m + 4*m = -v, j = 4*m + 16. Calculate the remainder when 10 is divided by j.
2
Let o(p) = -20*p. Let l be o(1). Let j = -2 - l. Suppose -5*w - j + 73 = 0. What is the remainder when 31 is divided by w?
9
Let y be 6/(-24) - 3*(-7)/4. Suppose y*o - 2*n - 137 - 179 = 0, 319 = 5*o - 3*n. Suppose 55 = 4*c - 29. What is the remainder when o is divided by c?
20
Suppose -t + 8 = -1. Let w be 18/54 - (-11)/3. Suppose 0 = -2*h - w*b + 98, 2*b + 59 = 2*h - t. What is the remainder when h is divided by 20?
19
Let o(x) = -x - 8. Let j be o(-10). What is the remainder when 34 is divided by (4/36*3)/(j/36)?
4
Let t(o) = 13*o - 457. Calculate the remainder when ((-1)/1)/(3/(-93)) is divided by t(36).
9
Suppose 11*l - 13*l = 0. Suppose 2*t + 5*z - 84 = 